eatest common divisor of 77611936 and 23?
23
What is the greatest common factor of 10065160 and 595?
35
Calculate the highest common factor of 7593524 and 1525.
61
Calculate the highest common divisor of 5678 and 4732446.
334
Calculate the highest common factor of 273819 and 1792833.
1239
What is the greatest common factor of 945482427 and 2337?
2337
Calculate the highest common divisor of 656 and 11014076.
164
What is the greatest common divisor of 11974885 and 130?
65
What is the highest common factor of 754186 and 270722?
446
What is the greatest common divisor of 7650 and 2902750?
850
What is the highest common factor of 33606016 and 1236?
412
Calculate the highest common divisor of 97296 and 20994.
6
What is the highest common divisor of 1038282 and 14246?
838
What is the highest common divisor of 368977071 and 2127?
2127
What is the highest common divisor of 732005577 and 5674?
2837
Calculate the greatest common divisor of 57 and 33775179.
57
What is the greatest common divisor of 901390 and 22515?
395
What is the greatest common factor of 601370 and 107030?
770
What is the highest common divisor of 735696 and 403650?
702
Calculate the highest common factor of 132 and 1487868.
12
Calculate the greatest common factor of 2475 and 12275175.
825
What is the highest common factor of 135671346 and 90?
18
What is the greatest common divisor of 14 and 55715560?
2
What is the highest common divisor of 33292 and 9268?
28
What is the greatest common factor of 1548 and 108436?
4
Calculate the greatest common divisor of 10141168 and 352.
16
Calculate the highest common factor of 337540 and 84953996.
9644
What is the greatest common divisor of 10859742 and 576?
18
Calculate the highest common factor of 6417 and 1785237.
69
What is the greatest common factor of 22216724 and 129?
43
Calculate the highest common factor of 17170 and 63410.
170
Calculate the highest common divisor of 1879502 and 890.
178
What is the greatest common factor of 34788 and 32478?
6
Calculate the highest common divisor of 9997363 and 4921.
703
What is the highest common factor of 119526 and 11242?
22
What is the highest common factor of 169 and 43608253?
169
What is the greatest common divisor of 61257 and 397467?
21
Calculate the greatest common factor of 16 and 808230.
2
Calculate the greatest common divisor of 13674024 and 150.
6
What is the highest common factor of 3177765 and 160?
5
Calculate the greatest common divisor of 676013 and 37692.
349
Calculate the greatest common factor of 2946 and 79303374.
2946
Calculate the greatest common divisor of 2333944 and 24.
8
What is the highest common divisor of 2302 and 661414093?
1151
What is the highest common divisor of 132986 and 9333446?
2714
Calculate the greatest common factor of 23 and 91029998.
23
Calculate the greatest common divisor of 409663 and 48471.
151
Calculate the highest common factor of 4010 and 110990384.
802
What is the highest common divisor of 630 and 23887935?
45
What is the greatest common divisor of 14604748 and 1096?
548
Calculate the greatest common factor of 547272 and 256608.
792
Calculate the highest common factor of 19869974 and 17.
17
Calculate the highest common factor of 15060 and 124140.
60
What is the highest common factor of 5543553 and 87?
87
Calculate the highest common divisor of 17 and 169119111.
17
What is the highest common factor of 88333218 and 237?
237
What is the highest common divisor of 205878 and 132?
6
Calculate the highest common divisor of 2278803960 and 12.
12
Calculate the greatest common divisor of 1351988687 and 199.
199
What is the greatest common factor of 450708 and 16284?
276
What is the greatest common factor of 2196225 and 6344865?
1935
Calculate the greatest common factor of 66535303 and 662.
331
What is the greatest common factor of 4646 and 9699434?
202
Calculate the greatest common factor of 34744918 and 104.
26
What is the highest common divisor of 30249356 and 10604?
964
Calculate the greatest common divisor of 296 and 52713308.
148
What is the greatest common divisor of 4726346 and 2?
2
What is the highest common factor of 93000 and 9192?
24
Calculate the highest common factor of 621 and 203328.
9
Calculate the highest common factor of 8003 and 8320402.
151
Calculate the greatest common divisor of 249 and 24561692.
83
What is the highest common divisor of 66657 and 313701?
51
What is the highest common factor of 5692 and 23463847?
1423
Calculate the highest common factor of 514489 and 373974.
157
Calculate the greatest common divisor of 51 and 417415416.
51
What is the greatest common factor of 453 and 29256?
3
Calculate the greatest common factor of 84405035 and 1067.
1067
What is the greatest common factor of 3933160 and 11396?
308
What is the highest common divisor of 2013492 and 16198?
26
Calculate the highest common divisor of 253568864 and 9312.
3104
What is the greatest common factor of 270104989 and 539?
77
Calculate the highest common divisor of 1764214 and 11034.
1226
Calculate the highest common factor of 3618177 and 12.
3
What is the highest common factor of 1458185 and 590?
295
Calculate the highest common factor of 8 and 28830868.
4
What is the greatest common factor of 1110 and 99307815?
555
What is the highest common divisor of 310 and 44930?
10
What is the greatest common divisor of 12 and 2060628?
12
What is the greatest common divisor of 8150579 and 138?
23
What is the highest common factor of 708 and 49888452?
12
What is the highest common factor of 138986536 and 26078?
1534
Calculate the greatest common factor of 405 and 15628755.
15
Calculate the greatest common divisor of 506 and 1204234.
46
Calculate the highest common factor of 276605004 and 13.
13
What is the greatest common factor of 166 and 53096?
2
What is the highest common divisor of 413311072 and 1632?
544
Calculate the greatest common factor of 406 and 102083422.
406
What is the greatest common factor of 3905 and 1370237?
11
What is the highest common divisor of 44993469 and 17031?
2433
What is the highest common factor of 1108879 and 24252611?
10979
What is the highest common factor of 1596168 and 14679?
63
Calculate the highest common divisor of 10764 and 7890564.
276
Calculate the highest common factor of 1724161 and 29977.
967
What is the greatest common divisor of 8053194 and 138?
6
Calculate the greatest common divisor of 1110 and 25368680.
370
Calculate the highest common factor of 4929593 and 9382959.
12871
Calculate the highest common factor of 9675 and 445275.
225
Calculate the highest common factor of 10509432 and 1186968.
8664
Calculate the greatest common divisor of 81 and 7182519.
3
What is the greatest common divisor of 9318 and 2939829?
4659
What is the highest common divisor of 346468 and 16132?
148
What is the greatest common divisor of 482618 and 58?
58
What is the highest common factor of 4938935 and 35?
5
What is the greatest common divisor of 89858 and 7292281?
179
Calculate the greatest common factor of 77953739 and 1266.
211
Calculate the greatest common factor of 6896 and 267782024.
3448
What is the highest common divisor of 6061821 and 2357973?
10767
What is the greatest common divisor of 230 and 92268732?
46
Calculate the highest common divisor of 25186 and 508669.
49
Calculate the highest common factor of 20619 and 3929697.
711
What is the highest common divisor of 9721046 and 4398?
1466
Calculate the highest common factor of 44 and 12413962.
22
Calculate the highest common factor of 236933744 and 48.
16
Calculate the highest common factor of 987693 and 5439.
147
What is the highest common factor of 2233 and 333413?
29
What is the highest common divisor of 7357959 and 486?
81
Calculate the greatest common divisor of 9609 and 348486400.
3203
What is the greatest common divisor of 671 and 2465681?
61
Calculate the highest common factor of 31982 and 22.
2
Calculate the highest common divisor of 2672 and 2043664.
16
What is the greatest common factor of 439 and 262622531?
439
What is the highest common factor of 62640 and 1647?
27
What is the highest common factor of 250779 and 227151?
537
What is the greatest common divisor of 64923034 and 734?
734
Calculate the highest common factor of 11687387 and 2042.
1021
Calculate the greatest common divisor of